 the units digit of d(4)?
5
Let p(d) = -d**3 + 9*d**2 + 16*d + 13. Let z be p(11). Let y(n) = -7*n + 323. What is the hundreds digit of y(z)?
6
Let q = 42195 + -24995. What is the units digit of q?
0
Let l(c) = -5*c**3 - 3*c**2 - c + 1. Let n be l(-1). Suppose n*j - 368 = -2*x, 0 = -3*x - 3*j - 74 + 611. What is the hundreds digit of x?
1
Let b(v) = v**2 + 11*v - 10. Let y be b(2). What is the units digit of 2/y - 81855/(-136)?
2
Suppose 28 = -3*z + 139. Let x = z + -35. Suppose -b = h + x*h - 23, 2*h + 78 = 2*b. What is the units digit of b?
5
Suppose 29*d - 13279 = 22*d. Suppose -5*o = -d - 4858. What is the thousands digit of o?
1
Let v(h) = -6*h**2 - 9*h + 2521. What is the hundreds digit of v(0)?
5
Suppose -l + 510 = 3*g + 3*l, -5*l + 513 = 3*g. Suppose -g = -4*r - 46. What is the units digit of 2*r/12*7/1?
5
Suppose -4*t - 11780 = -3*m - 1376, -5*m + 2*t + 17326 = 0. What is the thousands digit of m?
3
Let j(p) = 107*p**2 + 30*p + 405. What is the thousands digit of j(-9)?
8
Let n(u) = 6*u**2 - 25*u + 296. What is the hundreds digit of n(21)?
4
Suppose 3*r - 87 = -3*i, 3*r + 45 - 2 = 2*i. Suppose -13*a - 5512 = -i*a. What is the tens digit of a?
2
Suppose -4*f + i = -32791, -49*f - i + 8204 = -48*f. What is the tens digit of f?
9
Suppose -2*t + 23331 = 3*y, 5*y = -4*t + 45157 - 6274. What is the hundreds digit of y?
7
Let j = -292 + 294. Suppose -c = 3*z - 726 + 60, -215 = -z + j*c. What is the hundreds digit of z?
2
Let h be -164*((-45)/12)/(-5). Suppose -2*t - 894 = -4*z, -389 = -3*z + 3*t + 283. Let f = z + h. What is the units digit of f?
0
Suppose 2*d - 3*y = -2*d - 1099, -20 = -4*y. Let l = d - -547. What is the hundreds digit of l?
2
Suppose 4*u + 5*b = 7558, 23*u - 31*u = -b - 15050. What is the tens digit of u?
8
Suppose -m - m + 120 = -4*w, -m + 5*w + 54 = 0. Let j = m - 61. Suppose -5*h = -7*h - 2*g + 158, 2*h - j*g - 138 = 0. What is the units digit of h?
5
Let i(k) = -k**3 + 21*k**2 - 57*k - 19. What is the tens digit of i(-18)?
4
Suppose 0 = 4*h - 46 - 26. Suppose h*r - 23*r = 190. What is the tens digit of (0/(-2) + -3)/(r/798)?
6
Suppose 0*l + 3*w = -2*l - 151, 0 = -4*l - w - 307. Let u = -74 - l. What is the hundreds digit of 0 + -4 + u/(9/606)?
1
Let r(o) = -o**3 - 11*o**2 - 3*o - 5. Let v(x) = x**3 - 2*x**2 - 1. Let w(d) = r(d) - v(d). Let j be w(-4). What is the units digit of 7*j/((-24)/9)?
1
Let b(s) = 9*s**2 - 2*s + 5. Let x be b(-2). What is the units digit of (x/12)/((-11)/(-44))?
5
Let m(t) = t**2 - t. Let v be m(2). Suppose 0 = -i + 3 + 2, -v*i + 145 = -5*n. Let l = -9 - n. What is the tens digit of l?
1
Let s = 458 + -435. Suppose 0 = 4*x + s*x - 4077. What is the units digit of x?
1
Suppose 4*y - 3*d = -4, 4*y = 5*y - 5*d + 18. Suppose 61*c - 60*c = 2. Suppose 0*r - c*r - 484 = -y*z, -r = 5*z - 1216. What is the tens digit of z?
4
Let j(u) = -u**2 + 3*u + 1. Let n be j(3). Let h be 2 + 27/12 + n/(-4). Suppose -3*s + 760 = 5*v, -h*s = -4*v + s + 571. What is the hundreds digit of v?
1
Let u(j) = 4*j**3 - 29*j**2 - 101*j - 170. Let o(n) = 3*n**3 - 19*n**2 - 67*n - 113. Let g(t) = -7*o(t) + 5*u(t). What is the units digit of g(-13)?
8
Suppose 0 = -3*k + 8*k - 25. Suppose -3*r = -r - 3*l - 32, 0 = k*r - 2*l - 58. What is the units digit of (r*(-13)/1)/(-2)?
5
Let d(x) = -23*x + 5. Let a be d(1). Let y(g) = g**3 + 21*g**2 + 42*g + 2. What is the units digit of y(a)?
8
Suppose 0 = -6*i + 17 - 5. Let w be (1/i)/((-2)/(-8)). Suppose 3*h - 164 = -m, -w*m + 161 = -3*h - 212. What is the hundreds digit of m?
1
Suppose -4*g - 8 = -5*d, -2*g + 3*g = -5*d + 23. Suppose -1056 = -d*w + 132. What is the units digit of w?
7
Let h = 2498 - -2683. What is the thousands digit of h?
5
Let p = -16209 + 17812. What is the units digit of p?
3
Let z be 2 + -7 + (2 - -2) + 0. What is the tens digit of (-544)/96*(z + -20)?
1
Suppose -4*y = 5*f + 960, -y = -f - 0*f - 183. Let k = f - -393. Suppose 5*s = 10*s - k. What is the tens digit of s?
4
Let l = -1777 + 10982. What is the thousands digit of l?
9
Suppose -5*q = -5*c - 4570, -3*q = -1218*c + 1219*c - 2766. What is the units digit of q?
0
Suppose 255 = -2*r - 2*z + 4153, 5*r - 3*z = 9729. What is the thousands digit of r?
1
Suppose -4*t + 8 = 13*j - 9*j, -2*t + 3 = j. What is the hundreds digit of (-40)/((-1)/(j + (-9)/(-6)))?
1
Let g(q) = q**3 - 10*q**2 + 8*q - 82. Let l be g(10). What is the hundreds digit of -2*(60/160)/(l/1032)?
3
Let a = 10776 - 2314. What is the thousands digit of a?
8
Let c(j) = -34*j**2 + 15*j - 15. Let h be c(5). Let f = -201 - h. What is the hundreds digit of f?
5
Suppose -5*f = -d - 32, -31 = 3*d - 4*f + 65. Let t be (-68)/d + (-5)/40. Suppose 146 + 300 = t*b. What is the units digit of b?
3
Suppose q - 6*q = 365. Let s = 111 + q. What is the units digit of s?
8
What is the tens digit of ((-2)/(-5))/(307968/2000440 - (-14)/(-91))?
4
Suppose -41*p + 96252 = -93906. What is the tens digit of p?
3
Let y = 7455 - 5089. Suppose w = -12*w + y. What is the hundreds digit of w?
1
Let o(j) = 26*j + 182. Let s be o(17). Let f = s + 712. What is the thousands digit of f?
1
Let g be ((-4)/6)/((-6)/18). Suppose -g*r - 6 = 2*i + r, 0 = 5*r + 20. Suppose 2*n + 4*y - 110 = 0, 2*n - 107 = -0*y - i*y. What is the units digit of n?
9
Let q(u) = -27*u**2 - 9*u - 15. Let z(c) = -c**2 + 3*c - 1. Let o(d) = -q(d) - 2*z(d). What is the units digit of o(4)?
3
Let z(k) be the first derivative of -k**4/4 - 5*k**3 - 17*k**2 + 10*k + 70. What is the tens digit of z(-14)?
9
Let x = 164 - 837. Let g = x + 1596. What is the units digit of g?
3
Let l(z) be the first derivative of z**3 - 9*z**2 + 2*z + 15. Suppose 0 = -5*g - 3*j + 54, -j - 20 - 18 = -3*g. What is the units digit of l(g)?
8
Suppose 0 = -4*w + w - 366. Suppose 0 = 5*b - 2*q + 348, b + 2*q = -0*q - 60. Let z = b - w. What is the tens digit of z?
5
Let i = 921 + 1858. What is the hundreds digit of i?
7
Let a be 257/5 - 6/(-10). Suppose -a = 6*f + 8. What is the tens digit of (-38)/((-4)/(-10) + 9/f)?
7
Suppose 0 = 5*f + 2*w - 10, 5*w - 9*w = -3*f + 32. Suppose -5*o = 4*t - 2620, -f*t + 2*o = -t - 1988. What is the hundreds digit of t?
6
Let t(b) = 137*b - 477. Let j be t(48). Suppose q = -4*u + 5273, 3*q + 816 = -4*u + j. What is the units digit of u?
7
Let b be (0 - 25)/(2*2/(-204)). What is the hundreds digit of ((-2)/10 - (-12)/10)*b?
2
Suppose -2*v + r = -8294, -3*v - 2*r + 13041 = 586. What is the tens digit of v?
4
Let p(a) = -2*a**3 + a**2 + 7*a - 18. Let u be p(4). Let c = u - -109. Let v(d) = 4*d**2 - 2*d - 2. What is the tens digit of v(c)?
8
Suppose -4*l = -2*l + 8, 29 = 3*t - 2*l. Suppose t*d + 15 = -13. What is the tens digit of 3/(134/32 + d)?
1
Let j = -514 - -520. Suppose 3*x - 2607 = -3*n, -2*x = j + 4. What is the hundreds digit of n?
8
Let z(n) = -5*n + 113. Let o be z(22). Suppose o*j - 221 - 289 = 0. What is the hundreds digit of j?
1
What is the thousands digit of (-3)/(-180)*-3 - (-37235240)/800?
6
Let p = 830 - -6963. What is the tens digit of p?
9
Let v(p) = -p**3 + 15*p**2 + 21*p + 23. Let i be v(14). What is the hundreds digit of 4/9 - (-785688)/i?
5
Let c be (14/35)/(2*2/40). Suppose 0*a + a - 325 = -4*f, c*f - 1593 = -5*a. What is the tens digit of 1*(a/6 - (-1)/6)?
5
Let w be (-1 + 4 + -37)/2. Let c = 425 + w. What is the tens digit of c?
0
Let w(o) = -o**3 - 7*o**2 + 2*o + 4. Let r be w(-5). Let p be r/21*3/(-4). Suppose s = -3*h + 54 + 10, -p*h - 64 = -s. What is the units digit of s?
4
What is the tens digit of (387483/9 - -2) + ((-676)/(-39))/13?
5
Let x(l) = l**3 + l**2 + 8*l + 881. Let i(q) = -q**2 + 9*q - 14. Let r be i(7). What is the tens digit of x(r)?
8
Let d be (-5)/15 - (-1712)/6. Suppose w = -4*w + d. Suppose 3*c + w = 402. What is the tens digit of c?
1
Suppose -4*k + 1647 + 2829 = 0. Suppose d - 227 = 4*i - 6*i, k = 5*d + 2*i. Let x = d - 97. What is the units digit of x?
6
Suppose 0 = 68*i - 111*i. Let u be (10/4)/(2/4). Suppose -u*v - 84 = 2*h - 3*h, 4*h - 3*v - 336 = i. What is the units digit of h?
4
Let k = 12047 - 4046. What is the hundreds digit of k?
0
Suppose -441*k + 1131435 = -412*k. What is the tens digit of k?
1
What is the ten thousands digit of -6 + 11 + (-11)/((-77)/565789)?
8
Let d(m) = -36*m - 53*m + 437 - m**3 + 30*m**2 - 432. What is the units digit of d(24)